Give j(3).
-10
Let x(q) = -401*q**3 + 402*q**3 + 3 + 6*q**2 + 20*q - 20*q. Suppose 5 = -2*l - 3*c - 1, 0 = l - 3*c + 12. What is x(l)?
3
Let y(r) = 4 + 3*r**2 + 8*r**2 + 1 - 11 + 7 - r. Give y(1).
11
Let h be ((-12)/10)/(60/(-200)). Let j(y) = 6*y**2 - 5*y**3 - 3*y + 5 + 0 + h*y**3. Calculate j(4).
25
Let d(n) = -7*n**2 + 5*n + 6*n**2 - n. Suppose 0 = -2*z + z - 9. Let m(y) = y**3 + 9*y**2 + 2. Let v be m(z). Give d(v).
4
Let z(q) = -q**2 + 754 - 391 - 381 - 5*q - 7*q. Give z(-9).
9
Let n(v) = v - 1. Let g be 3/2*4158/81. Suppose -7*b - 63 = -g. What is n(b)?
1
Let i(g) = 19*g**3 + 5*g + 21*g**3 - 4*g - 13*g**3. Let s = -538 - -537. Determine i(s).
-28
Let j be (0 + (-12)/(-10))*-10. Let q = j + 14. Suppose q = -3*l + d + 6, 5*l - 5*d - 20 = 0. Let c(b) = b + 4. Determine c(l).
4
Let u(y) = 4*y + 3*y - 9*y - 3 + 0*y. Let v be u(-3). Let w(l) = 3*l + 3. Calculate w(v).
12
Suppose -5 = -12*n + 31. Suppose -3*i + 30 = -3*x, 0 = -3*x - i + 3*i - 29. Let s be (-16)/(-3) + n/x. Let z(c) = -c**3 + 4*c**2 + 6*c - 2. Give z(s).
3
Let c(r) = -13*r - 7. Let s = -856 - -853. What is c(s)?
32
Let z(p) = 17*p - 17. Let x(u) = -20*u + 18. Let n(k) = -6*x(k) - 7*z(k). Calculate n(-12).
-1
Let g(h) be the first derivative of h**4/4 + 4*h**3/3 + 2*h**2 + 3*h - 1. Let u be (-6)/4*(0 + 2). Let k(l) = l**2 + 5*l + 4. Let z be k(u). What is g(z)?
3
Let z = -12 - -14. Suppose 6*v - z*v = 80. Suppose 3*k + 2*k = v. Let n(c) = -c**3 + 4*c**2 - 2*c + 6. Determine n(k).
-2
Let v(c) = 2*c**3 - 7*c**2 + 7*c - 4. Let p be v(3). Let s(y) = 8*y - 2*y - 9*y**2 - 4 + 2*y**3 + 13 - y**3. Calculate s(p).
-7
Let k(p) be the second derivative of 9*p - p**2 + 5/6*p**3 + 1/12*p**4 + 0. Determine k(-6).
4
Let r(v) = 14 - 111*v**3 + 112*v**3 - 9*v**2 - 9*v - 3. Calculate r(10).
21
Suppose -4*x - 3*g = -6, 7*g = 2*x + 4*g - 12. Let q(o) = -8 - 3*o + 7 + 7*o. Let b(u) = 5*u - 1. Let t(w) = -5*b(w) + 6*q(w). Determine t(x).
-4
Let h(y) = y**3 - 6*y**2 - 18*y + 13. Let x(l) = 2*l**3 - 49*l**2 - 23*l - 42. Let g be x(25). Calculate h(g).
-3
Let a(b) be the first derivative of 1/6*b**3 - b**2 - 1/8*b**4 + 6 + 1/20*b**5 + 0*b. Let m(l) be the second derivative of a(l). What is m(2)?
7
Suppose 0 = 6*h - 33 - 111. Let b = -21 + h. Let i(s) = 3*s**b - s - 2*s**3 + 3 - 1 + s**2 - 3*s**2. What is i(3)?
8
Let i(v) = 5*v - 15. Let a be i(6). Suppose 5*r - a = -5. Let w(b) = -2*b - 4*b + 0*b - 5 + 5*b - b**r. What is w(0)?
-5
Let b(q) = -q**3 - 4*q**2 + 3*q - 7. Let c be b(-5). Let k(i) = -2 + 1 + c*i - 1 + 1. Calculate k(-3).
-10
Let d(h) = -h**2 - 2*h + 4. Let z(n) = 5*n**2 + 9*n - 16. Let g(k) = -9*d(k) - 2*z(k). Suppose 0 = -7*x + 4*x. Suppose 2*m = -x*m. What is g(m)?
-4
Let p(h) = -h**3 + 13*h**2 + 12*h - 7. Suppose -105*d + 97*d = -112. What is p(d)?
-35
Suppose 12 = -2*f - 2*i, 3*f + 2*i = -14 - 1. Let m(b) = -5*b**2 - 2*b - 1. Determine m(f).
-40
Let o(f) be the second derivative of -f**3/6 + 3*f**2/2 + 121*f + 1. Let l be 21/(-9)*(-4 - -1). Give o(l).
-4
Let p(q) be the third derivative of q**5/60 + q**4/8 - 16*q**2. Calculate p(-6).
18
Let u be (-3 + 1)/(8/(-4)). Let z(f) = 1. Suppose -h - 6 + 0 = 0. Let c(r) = r + 4. Let t(w) = h*z(w) + c(w). Give t(u).
-1
Let w be (0 + -22)*((-1)/2)/1. Let y(z) = z**2 + 3*z - 4. Let g(o) = -3*o**2 - 9*o + 12. Let x(b) = w*y(b) + 4*g(b). Calculate x(-3).
4
Suppose 4*u = u + 12. Let c(h) = -4*h**2 - 5*h**2 + 5*h + 7 + u*h**2 + 6*h**2. What is c(-6)?
13
Let o(b) = -25*b - 823. Let m be o(-33). Let z(a) be the second derivative of 2/3*a**3 + 0 - 3*a - a**m. Determine z(2).
6
Let k(y) be the first derivative of y**4/6 - y**3/6 + y**2/2 + 7*y + 11. Let d(a) be the first derivative of k(a). Calculate d(1).
2
Let w(p) be the first derivative of p**4/4 + 5*p**3/3 - 7*p**2/2 - 4*p - 1. Let d be (18 + 10 + -23 - 56/10)*10. Determine w(d).
2
Let o(c) be the first derivative of -c**4/4 - 4*c**3/3 + 7*c**2/2 + 9*c - 28. Determine o(-5).
-1
Let j = -130 + 135. Let h be (4/10)/(9/135). Let d(r) = -3 - 3*r + 0 + r + h. What is d(j)?
-7
Let y(d) = 2 - 909*d + 911*d - 1. What is y(2)?
5
Let f(z) = 8*z**3 - 3*z**2 - z - 4. Let n(p) = -12*p**3 + 5*p**2 + p + 6. Let l(d) = -8*f(d) - 5*n(d). Give l(-2).
24
Let i(p) be the third derivative of -p**5/30 - p**4/24 + p**3/3 - 3*p**2 + 4*p. Give i(-2).
-4
Let i(d) be the second derivative of -d**5/20 + d**4/24 - 5*d**3/6 + d. Let a(f) be the second derivative of i(f). Give a(2).
-11
Let j(y) be the first derivative of -7/3*y**3 + 19 + 1/4*y**4 + 0*y**2 + 9*y. Give j(7).
9
Let i(p) = 7*p + 4 + 5 - 13*p + 9*p. Determine i(-8).
-15
Let u(v) = v**2 + 12*v + 30. Let m be u(-9). Let d(f) = -4 - 3*f + m*f - 5*f + 9. Calculate d(4).
-15
Let q(m) = 2*m - 1. Suppose 2*k + 6 = 16. Let p = k - 1. Give q(p).
7
Let g = 45 - 40. Suppose 9 = g*m - 6. Let n(i) = -i**3 + 5*i**2 - 4*i - 1. Determine n(m).
5
Suppose 9 = 3*u + 3*h, -5*u + 7 = 2*h - 5*h. Let q(s) = 0*s - s**3 - 8 - 2*s**2 + 4 - 2*s - 2*s**u. What is q(-4)?
4
Suppose -4 + 20 = 2*j. Let i(q) = -q - 6. Determine i(j).
-14
Let d(i) = -i**3 + 6*i**2 - 6*i. Let t(h) = 14*h + 33. Let j be t(-2). Give d(j).
-5
Suppose 2*f + 2 = 4*f. Let d = 2 + f. Let j(g) = g**3 - 5*g**2 + 4*g - 1. Determine j(d).
-7
Let h(n) = n**3 - 2*n**2 + 3*n - 4. Suppose a - 3*a - 2*r = -10, -3*a + 5*r = 1. Determine h(a).
14
Let p(r) = 7*r - 2. Let v(j) = -13*j + 3. Let h = -119 - -113. Let z(d) = h*v(d) - 11*p(d). Calculate z(0).
4
Let j(v) = -v**2 + 9*v - 5. Let r be j(9). Let t(f) = -f**2 - 10*f - 4. Calculate t(r).
21
Let z(b) be the second derivative of 0*b**2 + 3*b + 1/6*b**3 - 11 + 7/20*b**5 - 1/6*b**4. Suppose 2*q - 2 + 0 = 0. What is z(q)?
6
Let b(c) = 2*c**3 - 14*c**2 + 14*c - 10. Suppose -55 = -5*j + o - 28, 0 = j + o - 9. Calculate b(j).
2
Suppose 3*t = 3*z - 6, -1 - 5 = -2*t. Suppose -5*u - c = 11, -3*u + 7 = -z*u - 3*c. Let a(v) = 3*v. Determine a(u).
-6
Let f(z) be the second derivative of -1/20*z**5 - 17*z - 2/3*z**3 - 1/3*z**4 + 0 - 2*z**2. Give f(-3).
-1
Let h(q) = -q + 8. Let g(w) = -3*w + 15. Let i(l) = 4*g(l) - 7*h(l). Let y = -54 - -57. Determine i(y).
-11
Let c(a) = -a**3 + 2*a + 2. Let d = 1491 + -1493. Give c(d).
6
Suppose -c + 3*c + 71 = n, 2*n - 2*c - 152 = 0. Let p be 18/n - 4/18. Suppose t - 2*o - 16 = p, -3*o = -5*t - 2*o + 35. Let b(k) = -k + 6. Give b(t).
0
Let t(q) be the first derivative of -q**6/120 - 7*q**5/60 - q**4/3 - 4*q**3/3 - 9*q**2 - 7. Let z(r) be the second derivative of t(r). Calculate z(-6).
4
Let n(g) = 2*g**3 - g - 3. Let z be 6 + (-9)/2 + 9/6. Determine n(z).
48
Let f(h) = 3*h - 4. Let a(c) = 2. Let v(l) = -4. Let t(u) = -3. Let k(m) = -3*t(m) + 2*v(m). Let p(d) = a(d) - k(d). Let r(z) = -f(z) - 3*p(z). What is r(1)?
-2
Let s(l) = -4*l - 3 + 52 - 14 - 5 - 2*l. What is s(7)?
-12
Suppose 43*d + 537 = -22. Let v(r) = r**3 + 12*r**2 - 13*r - 15. Calculate v(d).
-15
Let f be (1 - 3)*(0 + -4). Let i(b) be the second derivative of -b**5/20 + 3*b**4/4 - 3*b**3/2 + 2*b**2 + b + 5. What is i(f)?
-4
Let c(h) = -6 + 14 - 20*h - 9*h**2 + 8*h**2 + 7*h. What is c(-14)?
-6
Let f be (-3 - 15/(-3)) + 2. Let x = -32 - -36. Let o(a) = 14 + x*a - 7 + 3*a**2 - a**3 - 8. Give o(f).
-1
Let d(y) = 10 - 20 - 9 - 9*y - 2*y**2 - y**2 + 2*y**2. Give d(-7).
-5
Let f(u) be the third derivative of -1/2*u**3 - 1/60*u**5 + 0*u - 35*u**2 - 1/24*u**4 + 0. Give f(0).
-3
Let y be (-12 + 19)/((-1)/(-1)). Let s(g) be the second derivative of -g**4/12 + 4*g**3/3 + 5*g**2/2 + g. What is s(y)?
12
Let b(f) be the third derivative of f**6/30 - f**5/60 - f**4/12 - f**3/6 + 8*f**2. Suppose 3*o - 26 - 4 = 0. Let q be 2*-1 - (9 - o). Determine b(q).
-4
Let k(h) = -h**3 + 7*h**2 - 7*h - 2. Let m be 0/((32/4)/(-4)). Suppose -4*x + m + 4 = 0. Let s(c) = 5*c**3 + 3*c - 2. Let t be s(x). Determine k(t).
-8
Let i(u) = -u - 5. Suppose 44 + 10 = 2*v + k, -5*v + 4*k + 161 = 0. Suppose 19*d - v*d = 70. Determine i(d).
2
Let n = -89 + 79. Let z be (n/(-3) + -2)/(17/51). Let s(j) = j**3 + 4*j - 5*j - 3*j - 3*j**2. Give s(z).
0
Let i(u) = 9*u**2 + 3*u + 28. Let d(f) = 3*f**2 + f + 11. Let c(t) = -8*d(t) + 3*i(t). Determine c(-3).
20
Suppose 59*c - 26 = 210. Let m(q) be the first derivative of -1/4*q**c + 9 - 2/3*q**3 + 1/2*q**2 - 2*q. What is m(-3)?
4
Let a(g) be the first derivative of g**5/120 - g**4/8 - g**3 - 20. Let y(t) 